{"id":1466,"date":"2021-12-08T16:54:56","date_gmt":"2021-12-08T19:54:56","guid":{"rendered":"https:\/\/stockshopcl.com\/?post_type=product&#038;p=1466"},"modified":"2023-08-10T01:19:46","modified_gmt":"2023-08-10T04:19:46","slug":"polera-f1","status":"publish","type":"product","link":"https:\/\/stockshopcl.com\/index.php\/product\/polera-f1\/","title":{"rendered":"Polera F1"},"content":{"rendered":"<p>Polera moderna, cuello redondo, manga corta y de 100% Algod\u00f3n.<\/p>\n<p>Disponible en tallas M, L, XL color negro.<\/p>\n<p>Material de estampado altamente resistente a lavadas (no se da\u00f1a).<\/p>\n<p>Hacemos env\u00edos a todo chile.<\/p>\n","protected":false},"excerpt":{"rendered":"<p>Polera moderna, cuello redondo, manga corta y de 100% Algod\u00f3n. Disponible en tallas M, L, XL color negro. Material de estampado altamente resistente a lavadas (no se da\u00f1a). Hacemos env\u00edos a todo chile.<\/p>\n","protected":false},"featured_media":1471,"template":"","meta":[],"product_cat":[49],"product_tag":[208],"class_list":["post-1466","product","type-product","status-publish","has-post-thumbnail","hentry","product_cat-poleras","product_tag-polera-f1"],"_links":{"self":[{"href":"https:\/\/stockshopcl.com\/index.php\/wp-json\/wp\/v2\/product\/1466"}],"collection":[{"href":"https:\/\/stockshopcl.com\/index.php\/wp-json\/wp\/v2\/product"}],"about":[{"href":"https:\/\/stockshopcl.com\/index.php\/wp-json\/wp\/v2\/types\/product"}],"wp:featuredmedia":[{"embeddable":true,"href":"https:\/\/stockshopcl.com\/index.php\/wp-json\/wp\/v2\/media\/1471"}],"wp:attachment":[{"href":"https:\/\/stockshopcl.com\/index.php\/wp-json\/wp\/v2\/media?parent=1466"}],"wp:term":[{"taxonomy":"product_cat","embeddable":true,"href":"https:\/\/stockshopcl.com\/index.php\/wp-json\/wp\/v2\/product_cat?post=1466"},{"taxonomy":"product_tag","embeddable":true,"href":"https:\/\/stockshopcl.com\/index.php\/wp-json\/wp\/v2\/product_tag?post=1466"}],"curies":[{"name":"wp","href":"https:\/\/api.w.org\/{rel}","templated":true}]}}