{"id":271,"date":"2021-09-13T20:19:50","date_gmt":"2021-09-13T23:19:50","guid":{"rendered":"https:\/\/stockshopcl.com\/?post_type=product&#038;p=271"},"modified":"2023-08-10T01:29:10","modified_gmt":"2023-08-10T04:29:10","slug":"polera-chicago-bulls","status":"publish","type":"product","link":"https:\/\/stockshopcl.com\/index.php\/product\/polera-chicago-bulls\/","title":{"rendered":"Polera Chicago Bulls"},"content":{"rendered":"<p>Polera cl\u00e1sica, cuello redondo, manga corta y de 100% Algod\u00f3n.<\/p>\n<p>Disponible en tallas M, L, XL color negro.<\/p>\n<p>Material de estampado altamente resistente a lavadas (no se da\u00f1a).<\/p>\n<p>Hacemos env\u00edos a todo chile.<\/p>\n","protected":false},"excerpt":{"rendered":"<p>Polera cl\u00e1sica, cuello redondo, manga corta y de 100% Algod\u00f3n. Disponible en tallas M, L, XL color negro. Material de estampado altamente resistente a lavadas (no se da\u00f1a). Hacemos env\u00edos a todo chile.<\/p>\n","protected":false},"featured_media":830,"template":"","meta":[],"product_cat":[49],"product_tag":[57],"class_list":["post-271","product","type-product","status-publish","has-post-thumbnail","hentry","product_cat-poleras","product_tag-polera-chicago-bulls"],"_links":{"self":[{"href":"https:\/\/stockshopcl.com\/index.php\/wp-json\/wp\/v2\/product\/271"}],"collection":[{"href":"https:\/\/stockshopcl.com\/index.php\/wp-json\/wp\/v2\/product"}],"about":[{"href":"https:\/\/stockshopcl.com\/index.php\/wp-json\/wp\/v2\/types\/product"}],"wp:featuredmedia":[{"embeddable":true,"href":"https:\/\/stockshopcl.com\/index.php\/wp-json\/wp\/v2\/media\/830"}],"wp:attachment":[{"href":"https:\/\/stockshopcl.com\/index.php\/wp-json\/wp\/v2\/media?parent=271"}],"wp:term":[{"taxonomy":"product_cat","embeddable":true,"href":"https:\/\/stockshopcl.com\/index.php\/wp-json\/wp\/v2\/product_cat?post=271"},{"taxonomy":"product_tag","embeddable":true,"href":"https:\/\/stockshopcl.com\/index.php\/wp-json\/wp\/v2\/product_tag?post=271"}],"curies":[{"name":"wp","href":"https:\/\/api.w.org\/{rel}","templated":true}]}}