{"id":348,"date":"2021-09-14T15:59:30","date_gmt":"2021-09-14T18:59:30","guid":{"rendered":"https:\/\/stockshopcl.com\/?post_type=product&#038;p=348"},"modified":"2021-09-22T15:50:08","modified_gmt":"2021-09-22T18:50:08","slug":"polera-subaru","status":"publish","type":"product","link":"https:\/\/stockshopcl.com\/index.php\/product\/polera-subaru\/","title":{"rendered":"Polera Subaru"},"content":{"rendered":"<p>Polera moderna, cuello redondo, manga corta.<\/p>\n<p>Disponible en tallas S, M, L, XL, color negro.<\/p>\n<p>Tallas \u00fanicas unisex y de 100% Algod\u00f3n.<\/p>\n<p>Material de estampado altamente resistente a lavadas (no se da\u00f1a).<\/p>\n","protected":false},"excerpt":{"rendered":"<p>Polera moderna, cuello redondo, manga corta. Disponible en tallas S, M, L, XL, color negro. Tallas \u00fanicas unisex y de 100% Algod\u00f3n. Material de estampado altamente resistente a lavadas (no se da\u00f1a).<\/p>\n","protected":false},"featured_media":819,"template":"","meta":[],"product_cat":[49],"product_tag":[67],"class_list":["post-348","product","type-product","status-publish","has-post-thumbnail","hentry","product_cat-poleras","product_tag-polera-subaru"],"_links":{"self":[{"href":"https:\/\/stockshopcl.com\/index.php\/wp-json\/wp\/v2\/product\/348"}],"collection":[{"href":"https:\/\/stockshopcl.com\/index.php\/wp-json\/wp\/v2\/product"}],"about":[{"href":"https:\/\/stockshopcl.com\/index.php\/wp-json\/wp\/v2\/types\/product"}],"wp:featuredmedia":[{"embeddable":true,"href":"https:\/\/stockshopcl.com\/index.php\/wp-json\/wp\/v2\/media\/819"}],"wp:attachment":[{"href":"https:\/\/stockshopcl.com\/index.php\/wp-json\/wp\/v2\/media?parent=348"}],"wp:term":[{"taxonomy":"product_cat","embeddable":true,"href":"https:\/\/stockshopcl.com\/index.php\/wp-json\/wp\/v2\/product_cat?post=348"},{"taxonomy":"product_tag","embeddable":true,"href":"https:\/\/stockshopcl.com\/index.php\/wp-json\/wp\/v2\/product_tag?post=348"}],"curies":[{"name":"wp","href":"https:\/\/api.w.org\/{rel}","templated":true}]}}