{"id":4305,"date":"2026-02-26T16:04:06","date_gmt":"2026-02-26T19:04:06","guid":{"rendered":"https:\/\/stockshopcl.com\/?post_type=product&#038;p=4305"},"modified":"2026-02-26T17:37:32","modified_gmt":"2026-02-26T20:37:32","slug":"botas-largas-tachas-negras-2","status":"publish","type":"product","link":"https:\/\/stockshopcl.com\/index.php\/product\/botas-largas-tachas-negras-2\/","title":{"rendered":"Botas largas Tachas Negras"},"content":{"rendered":"<p>Las Botas Largas de Mujer Estilo Bucanera Cuerina son la elecci\u00f3n perfecta para quienes buscan un toque de sofisticaci\u00f3n y un estilo audaz. Estas botas de ca\u00f1a alta destacan por su dise\u00f1o elegante que realza la figura femenina, convirti\u00e9ndolas en el complemento ideal para diversas ocasiones, desde una salida casual hasta un evento m\u00e1s formal.<\/p>\n<p>Fabricadas en cuerina de alta calidad, ofrecen una apariencia lujosa y un confort excepcional. Su tac\u00f3n alto de 10 Cm no solo a\u00f1ade un toque de elegancia, sino que tambi\u00e9n proporciona una silueta estilizada, permiti\u00e9ndote lucir fabulosa en cada paso.<\/p>\n<p>Estamos ubicados en el Centro de Vi\u00f1a<\/p>\n<p>\ud83d\udccdViana 33, vi\u00f1a<\/p>\n<p>Justo a la salida de la estaci\u00f3n Miramar \ud83d\ude89<\/p>\n<p>Aceptamos todo medio de pago \ud83d\udcb3<\/p>\n<p>Instagram: @stockshopcl<br \/>\nTik Tok: @stockshopcl<br \/>\nCat\u00e1logo WhatsApp: +56950731540<\/p>\n","protected":false},"excerpt":{"rendered":"<p>Las Botas Largas de Mujer Estilo Bucanera Cuerina son la elecci\u00f3n perfecta para quienes buscan un toque de sofisticaci\u00f3n y un estilo audaz. Estas botas de ca\u00f1a alta destacan por su dise\u00f1o elegante que realza la figura femenina, convirti\u00e9ndolas en el complemento ideal para diversas ocasiones, desde una salida casual hasta un evento m\u00e1s formal. &hellip;<\/p>\n<p class=\"read-more\"> <a class=\"\" href=\"https:\/\/stockshopcl.com\/index.php\/product\/botas-largas-tachas-negras-2\/\"> <span class=\"screen-reader-text\">Botas largas Tachas Negras<\/span> Leer m\u00e1s &raquo;<\/a><\/p>\n","protected":false},"featured_media":4373,"template":"","meta":[],"product_cat":[237],"product_tag":[],"class_list":["post-4305","product","type-product","status-publish","has-post-thumbnail","hentry","product_cat-calzado-de-dama"],"_links":{"self":[{"href":"https:\/\/stockshopcl.com\/index.php\/wp-json\/wp\/v2\/product\/4305"}],"collection":[{"href":"https:\/\/stockshopcl.com\/index.php\/wp-json\/wp\/v2\/product"}],"about":[{"href":"https:\/\/stockshopcl.com\/index.php\/wp-json\/wp\/v2\/types\/product"}],"wp:featuredmedia":[{"embeddable":true,"href":"https:\/\/stockshopcl.com\/index.php\/wp-json\/wp\/v2\/media\/4373"}],"wp:attachment":[{"href":"https:\/\/stockshopcl.com\/index.php\/wp-json\/wp\/v2\/media?parent=4305"}],"wp:term":[{"taxonomy":"product_cat","embeddable":true,"href":"https:\/\/stockshopcl.com\/index.php\/wp-json\/wp\/v2\/product_cat?post=4305"},{"taxonomy":"product_tag","embeddable":true,"href":"https:\/\/stockshopcl.com\/index.php\/wp-json\/wp\/v2\/product_tag?post=4305"}],"curies":[{"name":"wp","href":"https:\/\/api.w.org\/{rel}","templated":true}]}}